{"id":1575,"date":"2024-05-21T10:25:15","date_gmt":"2024-05-21T08:25:15","guid":{"rendered":"https:\/\/sewaco.cz\/?page_id=1575"},"modified":"2024-05-21T10:25:15","modified_gmt":"2024-05-21T08:25:15","slug":"zasady-ochrany-osobnich-udaju","status":"publish","type":"page","link":"https:\/\/sewaco.cz\/cs\/zasady-ochrany-osobnich-udaju\/","title":{"rendered":"Z\u00e1sady ochrany osobn\u00edch \u00fadaj\u016f"},"content":{"rendered":"<p class=\"rvps2\"><span class=\"rvts6\">Prohl\u00e1\u0161en\u00ed o zpracov\u00e1n\u00ed osobn\u00edch \u00fadaj\u016f dle na\u0159\u00edzen\u00ed Evropsk\u00e9ho parlamentu a Rady (EU) 2016\/679 o ochran\u011b fyzick\u00fdch osob v souvislosti se zpracov\u00e1n\u00edm osobn\u00edch \u00fadaj\u016f a pou\u010den\u00ed subjekt\u016f \u00fadaj\u016f (d\u00e1le jen \u201eGDPR\u201c)<\/span><\/p>\n<p class=\"rvps2\"><span class=\"rvts19\">1. Spr\u00e1vce osobn\u00edch \u00fadaj\u016f<\/span><span class=\"rvts6\"><strong> SEWACO s.r.o.<\/strong> se s\u00eddlem Milady Hor\u00e1kov\u00e9 323\/12, 602 00 Brno, I\u010c: 62584260, zaps\u00e1na ve spisov\u00e9 zna\u010dce C 40916 veden\u00e1 u Krajsk\u00e9ho soudu v Brn\u011b, (d\u00e1le jen \u201espr\u00e1vce\u201c) V\u00e1s t\u00edmto v souladu s \u010dl. 12 GDPR informuje o zpracov\u00e1n\u00ed Va\u0161ich osobn\u00edch \u00fadaj\u016f a o Va\u0161ich pr\u00e1vech.<\/span><\/p>\n<h4 class=\"rvps2\"><span class=\"rvts19\">2. Rozsah zpracov\u00e1n\u00ed osobn\u00edch \u00fadaj\u016f<\/span><\/h4>\n<p class=\"rvps2\"><span class=\"rvts6\">Osobn\u00ed \u00fadaje jsou zpracov\u00e1ny v rozsahu, v jak\u00e9m je p\u0159\u00edslu\u0161n\u00fd subjekt \u00fadaj\u016f spr\u00e1vci poskytl, a to v souvislosti s uzav\u0159en\u00edm smluvn\u00edho \u010di jin\u00e9ho pr\u00e1vn\u00edho vztahu se spr\u00e1vcem, nebo kter\u00e9 spr\u00e1vce shrom\u00e1\u017edil jinak a zpracov\u00e1v\u00e1 je v souladu s platn\u00fdmi pr\u00e1vn\u00edmi p\u0159edpisy \u010di k pln\u011bn\u00ed z\u00e1konn\u00fdch povinnost\u00ed spr\u00e1vce.<\/span><\/p>\n<h4 class=\"rvps2\"><span class=\"rvts19\">3. Zdroje osobn\u00edch \u00fadaj\u016f:<\/span><\/h4>\n<ul>\n<li class=\"rvps2 noindent\"><span class=\"rvts6\">p\u0159\u00edmo od subjekt\u016f \u00fadaj\u016f<\/span><\/li>\n<li class=\"rvps2 noindent\"><span class=\"rvts6\">velkoobchod<\/span><\/li>\n<li class=\"rvps2 noindent\"><span class=\"rvts6\">distributor<\/span><\/li>\n<li class=\"rvps2 noindent\"><span class=\"rvts6\">ve\u0159ejn\u011b p\u0159\u00edstupn\u00e9 rejst\u0159\u00edky,<\/span><\/li>\n<li class=\"rvps2 noindent\"><span class=\"rvts6\">seznamy a evidence (nap\u0159. obchodn\u00ed rejst\u0159\u00edk, \u017eivnostensk\u00fd rejst\u0159\u00edk, katastr nemovitost\u00ed, ve\u0159ejn\u00fd telefonn\u00ed seznam apod.)<\/span><\/li>\n<\/ul>\n<h4 class=\"rvps2\"><span class=\"rvts19\">4. Kategorie osobn\u00edch \u00fadaj\u016f<\/span><span class=\"rvts6\">, kter\u00e9 jsou p\u0159edm\u011btem zpracov\u00e1n\u00ed:<\/span><\/h4>\n<ul>\n<li class=\"rvps2 noindent\"><span class=\"rvts6\">adresn\u00ed a identifika\u010dn\u00ed \u00fadaje slou\u017e\u00edc\u00ed k jednozna\u010dn\u00e9 a nezam\u011bniteln\u00e9 identifikaci subjektu \u00fadaj\u016f (nap\u0159. jm\u00e9no, p\u0159\u00edjmen\u00ed, titul, p\u0159\u00edp. rodn\u00e9 \u010d\u00edslo, datum narozen\u00ed, adresa trval\u00e9ho pobytu, \u010d\u00edslo dokladu toto\u017enosti, pohlav\u00ed, I\u010c, DI\u010c) a \u00fadaje umo\u017e\u0148uj\u00edc\u00ed kontakt se subjektem \u00fadaj\u016f (kontaktn\u00ed \u00fadaje \u2013 nap\u0159. kontaktn\u00ed adresa, \u010d\u00edslo telefonu, \u010d\u00edslo faxu, emailov\u00e1 adresa a jin\u00e9 obdobn\u00e9 informace)<\/span><\/li>\n<li class=\"rvps2 noindent\"><span class=\"rvts6\">popisn\u00e9 \u00fadaje (nap\u0159. bankovn\u00ed spojen\u00ed, datum)<\/span><\/li>\n<li class=\"rvps2 noindent\"><span class=\"rvts6\">dal\u0161\u00ed \u00fadaje nezbytn\u00e9 pro pln\u011bn\u00ed smlouvy<\/span><\/li>\n<\/ul>\n<h4 class=\"rvps2\"><span class=\"rvts19\">5. Kategorie subjekt\u016f \u00fadaj\u016f:<\/span><\/h4>\n<ul>\n<li class=\"rvps2 noindent\"><span class=\"rvts6\">z\u00e1kazn\u00edk spr\u00e1vce<\/span><\/li>\n<li class=\"rvps2 noindent\"><span class=\"rvts6\">dodavatel slu\u017eby<\/span><\/li>\n<li class=\"rvps2 noindent\"><span class=\"rvts6\">jin\u00e1 osoba, kter\u00e9 je ve smluvn\u00edm vztahu ke spr\u00e1vci<\/span><\/li>\n<\/ul>\n<h4 class=\"rvps2\"><span class=\"rvts19\">6. Kategorie p\u0159\u00edjemc\u016f osobn\u00edch \u00fadaj\u016f:<\/span><\/h4>\n<ul>\n<li class=\"rvps2 noindent\"><span class=\"rvts6\">zpracovatel<\/span><\/li>\n<li class=\"rvps2 noindent\"><span class=\"rvts6\">st\u00e1tn\u00ed aj. org\u00e1ny v r\u00e1mci pln\u011bn\u00ed z\u00e1konn\u00fdch povinnost\u00ed stanoven\u00fdch p\u0159\u00edslu\u0161n\u00fdmi pr\u00e1vn\u00edmi p\u0159edpisy<\/span><\/li>\n<\/ul>\n<h4 class=\"rvps2\"><span class=\"rvts19\">7. \u00da\u010del zpracov\u00e1n\u00ed osobn\u00edch \u00fadaj\u016f<\/span><\/h4>\n<ul>\n<li class=\"rvps2 noindent\"><span class=\"rvts6\">\u00fa\u010dely obsa\u017een\u00e9 v r\u00e1mci souhlasu subjektu \u00fadaj\u016f<\/span><\/li>\n<li class=\"rvps2 noindent\"><span class=\"rvts6\">jedn\u00e1n\u00ed o smluvn\u00edm vztahu<\/span><\/li>\n<li class=\"rvps2 noindent\"><span class=\"rvts6\">pln\u011bn\u00ed smlouvy<\/span><\/li>\n<li class=\"rvps2 noindent\"><span class=\"rvts6\">ochrana pr\u00e1v spr\u00e1vce, p\u0159\u00edjemce nebo jin\u00fdch dot\u010den\u00fdch osob (nap\u0159. vym\u00e1h\u00e1n\u00ed pohled\u00e1vek spr\u00e1vce)<\/span><\/li>\n<li class=\"rvps2 noindent\"><span class=\"rvts6\">archivnictv\u00ed veden\u00e9 na z\u00e1klad\u011b z\u00e1kona<\/span><\/li>\n<li class=\"rvps2 noindent\"><span class=\"rvts6\">pln\u011bn\u00ed z\u00e1konn\u00fdch povinnost\u00ed ze strany spr\u00e1vce<\/span><\/li>\n<li class=\"rvps2 noindent\"><span class=\"rvts6\">ochrana \u017eivotn\u011b d\u016fle\u017eit\u00fdch z\u00e1jm\u016f subjektu \u00fadaj\u016f<\/span><\/li>\n<\/ul>\n<h4 class=\"rvps2\"><span class=\"rvts19\">8. Zp\u016fsob zpracov\u00e1n\u00ed a ochrany osobn\u00edch \u00fadaj\u016f<\/span><\/h4>\n<p class=\"rvps2\"><span class=\"rvts6\">Zpracov\u00e1n\u00ed osobn\u00edch \u00fadaj\u016f prov\u00e1d\u00ed spr\u00e1vce. Zpracov\u00e1n\u00ed je prov\u00e1d\u011bno v jeho provozovn\u00e1ch, pobo\u010dk\u00e1ch a s\u00eddle spr\u00e1vce jednotliv\u00fdmi pov\u011b\u0159en\u00fdmi zam\u011bstnanci spr\u00e1vce, p\u0159\u00edp. zpracovatelem. Ke zpracov\u00e1n\u00ed doch\u00e1z\u00ed prost\u0159ednictv\u00edm v\u00fdpo\u010detn\u00ed techniky, pop\u0159. i manu\u00e1ln\u00edm zp\u016fsobem u osobn\u00edch \u00fadaj\u016f v listinn\u00e9 podob\u011b za dodr\u017een\u00ed v\u0161ech bezpe\u010dnostn\u00edch z\u00e1sad pro spr\u00e1vu a zpracov\u00e1n\u00ed osobn\u00edch \u00fadaj\u016f. Za t\u00edmto \u00fa\u010delem p\u0159ijal spr\u00e1vce technicko-organiza\u010dn\u00ed opat\u0159en\u00ed k zaji\u0161t\u011bn\u00ed ochrany osobn\u00edch \u00fadaj\u016f, zejm\u00e9na opat\u0159en\u00ed, aby nemohlo doj\u00edt k neopr\u00e1vn\u011bn\u00e9mu nebo nahodil\u00e9mu p\u0159\u00edstupu k osobn\u00edm \u00fadaj\u016fm, jejich zm\u011bn\u011b, zni\u010den\u00ed \u010di ztr\u00e1t\u011b, neopr\u00e1vn\u011bn\u00fdm p\u0159enos\u016fm, k jejich neopr\u00e1vn\u011bn\u00e9mu zpracov\u00e1n\u00ed, jako\u017e i k jin\u00e9mu zneu\u017eit\u00ed osobn\u00edch \u00fadaj\u016f. Ve\u0161ker\u00e9 subjekty, kter\u00fdm mohou b\u00fdt osobn\u00ed \u00fadaje zp\u0159\u00edstupn\u011bny, respektuj\u00ed pr\u00e1vo subjekt\u016f \u00fadaj\u016f na ochranu soukrom\u00ed a jsou povinny postupovat dle platn\u00fdch pr\u00e1vn\u00edch p\u0159edpis\u016f t\u00fdkaj\u00edc\u00edch se ochrany osobn\u00edch \u00fadaj\u016f.<\/span><\/p>\n<h4 class=\"rvps2\"><span class=\"rvts19\">9. Doba zpracov\u00e1n\u00ed osobn\u00edch \u00fadaj\u016f<\/span><\/h4>\n<p class=\"rvps2\"><span class=\"rvts6\">V souladu se lh\u016ftami uveden\u00fdmi v p\u0159\u00edslu\u0161n\u00fdch smlouv\u00e1ch, ve spisov\u00e9m a skarta\u010dn\u00edm \u0159\u00e1du spr\u00e1vce \u010di v p\u0159\u00edslu\u0161n\u00fdch pr\u00e1vn\u00edch p\u0159edpisech jde o dobu nezbytn\u011b nutnou k zaji\u0161t\u011bn\u00ed pr\u00e1v a povinnost\u00ed plynouc\u00edch jak ze z\u00e1vazkov\u00e9ho vztahu, tak i z p\u0159\u00edslu\u0161n\u00fdch pr\u00e1vn\u00edch p\u0159edpis\u016f.<\/span><\/p>\n<h4 class=\"rvps2\"><span class=\"rvts19\">10. Pou\u010den\u00ed<\/span><\/h4>\n<p class=\"rvps2\"><span class=\"rvts6\">Spr\u00e1vce zpracov\u00e1v\u00e1 \u00fadaje se souhlasem subjektu \u00fadaj\u016f s v\u00fdjimkou z\u00e1konem stanoven\u00fdch p\u0159\u00edpad\u016f, kdy zpracov\u00e1n\u00ed osobn\u00edch \u00fadaj\u016f nevy\u017eaduje souhlas subjektu \u00fadaj\u016f.<\/span><\/p>\n","protected":false},"excerpt":{"rendered":"<p>Prohl\u00e1\u0161en\u00ed o zpracov\u00e1n\u00ed osobn\u00edch \u00fadaj\u016f dle na\u0159\u00edzen\u00ed Evropsk\u00e9ho parlamentu a Rady (EU) 2016\/679 o ochran\u011b fyzick\u00fdch osob v souvislosti se zpracov\u00e1n\u00edm osobn\u00edch \u00fadaj\u016f a pou\u010den\u00ed subjekt\u016f \u00fadaj\u016f (d\u00e1le jen \u201eGDPR\u201c) 1. Spr\u00e1vce osobn\u00edch \u00fadaj\u016f SEWACO s.r.o. se s\u00eddlem Milady Hor\u00e1kov\u00e9 323\/12, 602 00 Brno, I\u010c: 62584260, zaps\u00e1na ve spisov\u00e9 zna\u010dce C 40916 veden\u00e1 u Krajsk\u00e9ho [&hellip;]<\/p>\n","protected":false},"author":3,"featured_media":0,"parent":0,"menu_order":0,"comment_status":"closed","ping_status":"closed","template":"","meta":{"_et_pb_use_builder":"","_et_pb_old_content":"","_et_gb_content_width":"","footnotes":""},"class_list":["post-1575","page","type-page","status-publish","hentry"],"acf":[],"_links":{"self":[{"href":"https:\/\/sewaco.cz\/cs\/wp-json\/wp\/v2\/pages\/1575","targetHints":{"allow":["GET"]}}],"collection":[{"href":"https:\/\/sewaco.cz\/cs\/wp-json\/wp\/v2\/pages"}],"about":[{"href":"https:\/\/sewaco.cz\/cs\/wp-json\/wp\/v2\/types\/page"}],"author":[{"embeddable":true,"href":"https:\/\/sewaco.cz\/cs\/wp-json\/wp\/v2\/users\/3"}],"replies":[{"embeddable":true,"href":"https:\/\/sewaco.cz\/cs\/wp-json\/wp\/v2\/comments?post=1575"}],"version-history":[{"count":1,"href":"https:\/\/sewaco.cz\/cs\/wp-json\/wp\/v2\/pages\/1575\/revisions"}],"predecessor-version":[{"id":1576,"href":"https:\/\/sewaco.cz\/cs\/wp-json\/wp\/v2\/pages\/1575\/revisions\/1576"}],"wp:attachment":[{"href":"https:\/\/sewaco.cz\/cs\/wp-json\/wp\/v2\/media?parent=1575"}],"curies":[{"name":"wp","href":"https:\/\/api.w.org\/{rel}","templated":true}]}}

Zásady ochrany osobních údajů

<p class="rvps2"><span class="rvts6">Prohlášení o zpracování osobních údajů dle nařízení Evropského parlamentu a Rady (EU) 2016/679 o ochraně fyzických osob v souvislosti se zpracováním osobních údajů a poučení subjektů údajů (dále jen „GDPR“)</span></p>
<p class="rvps2"><span class="rvts19">1. Správce osobních údajů</span><span class="rvts6"><strong> SEWACO s.r.o.</strong> se sídlem Milady Horákové 323/12, 602 00 Brno, IČ: 62584260, zapsána ve spisové značce C 40916 vedená u Krajského soudu v Brně, (dále jen „správce“) Vás tímto v souladu s čl. 12 GDPR informuje o zpracování Vašich osobních údajů a o Vašich právech.</span></p>
<h4 class="rvps2"><span class="rvts19">2. Rozsah zpracování osobních údajů</span></h4>
<p class="rvps2"><span class="rvts6">Osobní údaje jsou zpracovány v rozsahu, v jakém je příslušný subjekt údajů správci poskytl, a to v souvislosti s uzavřením smluvního či jiného právního vztahu se správcem, nebo které správce shromáždil jinak a zpracovává je v souladu s platnými právními předpisy či k plnění zákonných povinností správce.</span></p>
<h4 class="rvps2"><span class="rvts19">3. Zdroje osobních údajů:</span></h4>
<ul>
<li class="rvps2 noindent"><span class="rvts6">přímo od subjektů údajů</span></li>
<li class="rvps2 noindent"><span class="rvts6">velkoobchod</span></li>
<li class="rvps2 noindent"><span class="rvts6">distributor</span></li>
<li class="rvps2 noindent"><span class="rvts6">veřejně přístupné rejstříky,</span></li>
<li class="rvps2 noindent"><span class="rvts6">seznamy a evidence (např. obchodní rejstřík, živnostenský rejstřík, katastr nemovitostí, veřejný telefonní seznam apod.)</span></li>
</ul>
<h4 class="rvps2"><span class="rvts19">4. Kategorie osobních údajů</span><span class="rvts6">, které jsou předmětem zpracování:</span></h4>
<ul>
<li class="rvps2 noindent"><span class="rvts6">adresní a identifikační údaje sloužící k jednoznačné a nezaměnitelné identifikaci subjektu údajů (např. jméno, příjmení, titul, příp. rodné číslo, datum narození, adresa trvalého pobytu, číslo dokladu totožnosti, pohlaví, IČ, DIČ) a údaje umožňující kontakt se subjektem údajů (kontaktní údaje – např. kontaktní adresa, číslo telefonu, číslo faxu, emailová adresa a jiné obdobné informace)</span></li>
<li class="rvps2 noindent"><span class="rvts6">popisné údaje (např. bankovní spojení, datum)</span></li>
<li class="rvps2 noindent"><span class="rvts6">další údaje nezbytné pro plnění smlouvy</span></li>
</ul>
<h4 class="rvps2"><span class="rvts19">5. Kategorie subjektů údajů:</span></h4>
<ul>
<li class="rvps2 noindent"><span class="rvts6">zákazník správce</span></li>
<li class="rvps2 noindent"><span class="rvts6">dodavatel služby</span></li>
<li class="rvps2 noindent"><span class="rvts6">jiná osoba, které je ve smluvním vztahu ke správci</span></li>
</ul>
<h4 class="rvps2"><span class="rvts19">6. Kategorie příjemců osobních údajů:</span></h4>
<ul>
<li class="rvps2 noindent"><span class="rvts6">zpracovatel</span></li>
<li class="rvps2 noindent"><span class="rvts6">státní aj. orgány v rámci plnění zákonných povinností stanovených příslušnými právními předpisy</span></li>
</ul>
<h4 class="rvps2"><span class="rvts19">7. Účel zpracování osobních údajů</span></h4>
<ul>
<li class="rvps2 noindent"><span class="rvts6">účely obsažené v rámci souhlasu subjektu údajů</span></li>
<li class="rvps2 noindent"><span class="rvts6">jednání o smluvním vztahu</span></li>
<li class="rvps2 noindent"><span class="rvts6">plnění smlouvy</span></li>
<li class="rvps2 noindent"><span class="rvts6">ochrana práv správce, příjemce nebo jiných dotčených osob (např. vymáhání pohledávek správce)</span></li>
<li class="rvps2 noindent"><span class="rvts6">archivnictví vedené na základě zákona</span></li>
<li class="rvps2 noindent"><span class="rvts6">plnění zákonných povinností ze strany správce</span></li>
<li class="rvps2 noindent"><span class="rvts6">ochrana životně důležitých zájmů subjektu údajů</span></li>
</ul>
<h4 class="rvps2"><span class="rvts19">8. Způsob zpracování a ochrany osobních údajů</span></h4>
<p class="rvps2"><span class="rvts6">Zpracování osobních údajů provádí správce. Zpracování je prováděno v jeho provozovnách, pobočkách a sídle správce jednotlivými pověřenými zaměstnanci správce, příp. zpracovatelem. Ke zpracování dochází prostřednictvím výpočetní techniky, popř. i manuálním způsobem u osobních údajů v listinné podobě za dodržení všech bezpečnostních zásad pro správu a zpracování osobních údajů. Za tímto účelem přijal správce technicko-organizační opatření k zajištění ochrany osobních údajů, zejména opatření, aby nemohlo dojít k neoprávněnému nebo nahodilému přístupu k osobním údajům, jejich změně, zničení či ztrátě, neoprávněným přenosům, k jejich neoprávněnému zpracování, jakož i k jinému zneužití osobních údajů. Veškeré subjekty, kterým mohou být osobní údaje zpřístupněny, respektují právo subjektů údajů na ochranu soukromí a jsou povinny postupovat dle platných právních předpisů týkajících se ochrany osobních údajů.</span></p>
<h4 class="rvps2"><span class="rvts19">9. Doba zpracování osobních údajů</span></h4>
<p class="rvps2"><span class="rvts6">V souladu se lhůtami uvedenými v příslušných smlouvách, ve spisovém a skartačním řádu správce či v příslušných právních předpisech jde o dobu nezbytně nutnou k zajištění práv a povinností plynoucích jak ze závazkového vztahu, tak i z příslušných právních předpisů.</span></p>
<h4 class="rvps2"><span class="rvts19">10. Poučení</span></h4>
<p class="rvps2"><span class="rvts6">Správce zpracovává údaje se souhlasem subjektu údajů s výjimkou zákonem stanovených případů, kdy zpracování osobních údajů nevyžaduje souhlas subjektu údajů.</span></p>

<p>Prohlášení o zpracování osobních údajů dle nařízení Evropského parlamentu a Rady (EU) 2016/679 o ochraně fyzických osob v souvislosti se zpracováním osobních údajů a poučení subjektů údajů (dále jen „GDPR“) 1. Správce osobních údajů SEWACO s.r.o. se sídlem Milady Horákové 323/12, 602 00 Brno, IČ: 62584260, zapsána ve spisové značce C 40916 vedená u Krajského [&hellip;]</p>
